 + 7*o(b). Let f be g(5). Let d(t) = t + 10. Let h(v) = v + 9. Let x(w) = -2*d(w) + 3*h(w). Calculate x(f).
2
Let b(r) be the second derivative of r**5/20 + 7*r**4/12 - 5*r**3/3 - 5*r**2 - 2*r - 2. Determine b(-8).
6
Suppose 0 = -4*g + 4*m + 28, -4*g + 2*g - m = -11. Let u be ((-9)/g)/((-2)/8). Let o(z) = z - 2. Let i be o(u). Let f(q) = q**3 - 2*q**2 - 4*q - 5. Give f(i).
11
Suppose -2*s + 26 = 4*l, -22 + 18 = -3*s + l. Let w(o) = -2*o**2 - 4. Give w(s).
-22
Let y be (-4)/3 + 76/57. Let f(q) be the second derivative of -6*q + 1/6*q**3 + 3/2*q**2 + y. Give f(-3).
0
Let p be (77/44)/((-2)/(-16)). Let l(j) = 4 + 6 - p + 0 + 2*j. Give l(7).
10
Let i(f) = f**3 + 12*f**2 + 10*f - 7. Suppose 7*y + 3*g = 3*y - 56, 67 = -5*y - 3*g. Determine i(y).
4
Let w(p) = -p. Let g(f) = f**2 - 5*f + 1. Let b(z) = -g(z) + 4*w(z). Let d be (-2 - 5/(-3))/(71/(-213)). Determine b(d).
-1
Let l(w) = 1. Let t(m) = m - 5. Let k(s) = l(s) + t(s). Suppose 3 = h, -h = -z - 0 - 2. Let x = 4 - z. What is k(x)?
-1
Let p(x) = -12*x**3 + 4*x**2 - 6*x + 7. Let z(f) = -f**2 + 6*f**2 + 8 - 7*f - 24*f**3 + 11*f**3. Let a(g) = 7*p(g) - 6*z(g). Let r = -6 + 5. What is a(r)?
5
Let r(c) = c**3 - 18*c**2 - 34*c + 617. Let j be r(18). Let g(f) be the second derivative of -f**3/6 + 3*f**2 + f. Calculate g(j).
1
Let h be (-43)/(-7) + 10/(-70). Let a be 4/18 + 60/(-27). Let m(g) = -g + 5. Let l(q) = -1. Let b(y) = a*l(y) + m(y). Determine b(h).
1
Let r(u) = -u**3 - 24*u**2 - 22*u + 29. Suppose -2920 + 2713 = 9*c. Give r(c).
6
Let m(f) = 3*f. Suppose 75 - 60 = 3*r. Suppose -l + 3*h + 6 = 0, r*h + 18 = -l - 0*h. Calculate m(l).
-9
Let b(g) = g - 21. Let m(x) = 2*x**3 + 90*x**2 + 86*x - 76. Let p be m(-44). What is b(p)?
-9
Let u(t) = -t**3 + 2 + 2*t + 2*t**2 + 0*t**2 - 4*t. Let a be u(2). Let w(c) = -12*c - 2. Give w(a).
22
Let c(u) = 5*u + 1. Let p(k) = -6*k - 1. Let b(s) = -3*c(s) - 2*p(s). Suppose -4 = -8*o + 28. Suppose -y - 9 = -o*g, g = -4*y + y - 1. Give b(y).
2
Let y(p) = 0*p**3 + 17 - 9 - p**3 + 6 - p. Suppose 4*h - 16 = 9*g - 5*g, 5*h - 3*g = 12. What is y(h)?
14
Let s(d) = -2*d - 3. Let f be 2/(-3) + (340/(-30) - -8). What is s(f)?
5
Let c(q) = -q - 2. Let y(f) = -2*f - 9. Let z(i) = -3*c(i) + y(i). Give z(6).
3
Suppose -2*f = f + 3. Let c = f - -4. Let u(a) = 7 - c - 8*a - 6*a + 15*a. Determine u(-7).
-3
Let q(v) be the third derivative of -1/4*v**4 + 2/3*v**3 + 0 + 0*v + 1/60*v**5 + 44*v**2. What is q(5)?
-1
Suppose 150 = -6*p + 120. Let s(n) = -n + 0*n + 1 + 1. Determine s(p).
7
Let t(f) = -f**2 - 4*f - 4. Let n = -2 - -4. Let x be (-1)/((5/n)/(-5)). Let h be -2*((2 - x) + 2). What is t(h)?
-4
Let c(p) = -21*p + 3. Suppose -5*y + 13 = 8. Give c(y).
-18
Let n = -453 + 455. Let f(x) be the second derivative of -1/20*x**5 - 1/4*x**4 + 0 + n*x + 1/3*x**3 + 2*x**2. Determine f(-3).
-2
Let o(t) = -t**3 - t**2 - 5*t - 6. Let c(g) = g**3 + g**2 + 4*g + 7. Let x(d) = d**2 - 7*d + 4. Let r be x(7). Let z(j) = r*o(j) + 5*c(j). Calculate z(0).
11
Let z(o) = o**3 - 5*o**2 - 7*o - 2. Let v = 49 - 25. Suppose 6 - v = -3*p. Determine z(p).
-8
Let l(s) = -7*s**2 - s. Suppose 0 = -3*b - 4*p + 23, 0 = 5*b - b - 2*p + 6. Suppose 5*w + 2*k - 4 = b, w + 26 = 5*k. Determine l(w).
-6
Let d(q) = -q**3 - 5*q**2 - 4*q + 4. Let c be d(-4). Let x be 7/(-4) - -1 - (-885)/12. Let w(j) = 0 - 5*j - 1 + 75*j**2 - x*j**2. Determine w(c).
11
Let d(q) = -2*q**3 + 2*q**2 + q. Let i be (-8)/(-5) - (-2)/5. Suppose 14*w = 16*w + i. Give d(w).
3
Let h be 5 - 8 - (-1 + -13). Let a(f) = 11*f**2 - 14*f + 0 - 6*f**2 - 1 + 15. Let g(k) = k**2 - 3*k + 3. Let z(c) = h*g(c) - 2*a(c). Give z(6).
11
Let y(l) = 4 - 51*l**2 - 43*l**2 + 137*l**2 - 5*l - 42*l**2. Determine y(7).
18
Let p(u) = u**3 + 3*u**2 - 5*u + 2. Let b be p(-4). Let z(w) be the second derivative of b*w - 1/12*w**4 + 1/20*w**5 + 0 - 2/3*w**3 + 1/2*w**2. Give z(3).
7
Let a(z) = -z**2 - 5*z + 1. Let j(o) = o**3 - 9*o**2 - 22*o. Let u be j(11). Suppose -4*c + 0 - 16 = u. What is a(c)?
5
Let p be 8*((-4)/(-4)*-1)/(-2). Let t(y) = -y + 5. Calculate t(p).
1
Let p(h) = 6*h + 4. Let t be 6/(-9)*4*81/(-54). What is p(t)?
28
Let k = -2754 + 2760. Let w(l) be the second derivative of k*l + 0 - 1/6*l**3 - 4*l**2. Calculate w(6).
-14
Let l(b) = 3*b - 2. Let t be l(-2). Let k(c) = 2*c**2 - 20*c - 8. Let o(y) = -y**2 + 8*y + 4. Let p(z) = 4*k(z) + 9*o(z). What is p(t)?
4
Let m = 95 - -3. Let t(v) = -98 + m - v. Determine t(4).
-4
Let v = -600 + 611. Let h(c) = -4*c + 13. What is h(v)?
-31
Let k(s) = s + 14. Let x(l) = -2*l**3 - 15*l**2 - 11*l - 14. Let g be x(-7). Suppose i - 4 = -g. What is k(i)?
4
Let i(w) be the first derivative of w + w**2 - 5 + 2/3*w**3 - 1/2*w**4. Give i(-1).
3
Let q(n) = -n**3 + 5*n**2 + n - 7. Let s be q(5). Let t be (-4 - -1) + ((-8)/s - -5). Let j(z) = -4*z**2 + 7*z + z**2 - 6 + 2*z**2. Give j(t).
0
Let g(h) = -h**2 + 3*h + 2. Let y be g(3). Suppose -y - 18 = 5*j. Let m(z) = -z**2 - 3*z - 2. Determine m(j).
-6
Suppose 0 = -q + 5*q - 420. Let a(n) = -50*n + q*n - 47*n - 3 - n**2. Let k be 6/(-2 - -2 - -1). What is a(k)?
9
Let v(y) = 4*y - 18. Let n(s) = s - 5. Let z(j) = -22*n(j) + 6*v(j). Determine z(-5).
-8
Let l(p) = -4*p**3 - 20*p**2 - 4*p + 18. Let y(a) = -a**3 - 5*a**2 - a + 4. Let q(i) = -2*l(i) + 9*y(i). Determine q(-5).
5
Suppose -3*h - 5*w - 22 = -3*w, -w - 15 = 2*h. Let f = 14 + h. Let x(v) = 4*v**2 + 0*v + 3*v**2 - v**3 - f*v - v - 7. Calculate x(6).
-13
Suppose -39 = 3*i + 2*h, -5*i + 4*h = 12 + 75. Let l(z) = 2*z + 5. Determine l(i).
-25
Let u = 6 + -2. Let q = -3 + u. Let s(l) = -q + 5*l + 8 - 4. Calculate s(-2).
-7
Let c(b) = -8 - 6*b**2 + 0*b**2 + 62*b - 61*b + 7*b**2. What is c(0)?
-8
Let g = 7 + -2. Let a(y) be the third derivative of y**5/60 - y**4/6 - y**3 - 18*y**2. Let h(o) = 3*o**2 - 12*o - 18. Let x(k) = 7*a(k) - 2*h(k). Give x(g).
-1
Let c = 3 + -5. Let i(p) be the first derivative of -p**4/2 - 3*p**2/2 - 3*p - 153. Calculate i(c).
19
Let y(t) = t**3 + 5*t**2 + 4*t. Let x(p) = -6*p**2 + p + 2. Let m be x(-2). Let o be 25/(-9) + m/108. Determine y(o).
6
Let n(h) = -8*h**3 - 54*h**2 - 10*h - 1. Let y(f) = 3*f**3 + 19*f**2 + 3*f. Let c(w) = 4*n(w) + 11*y(w). What is c(8)?
4
Let n be (-2)/2*(16/(-8))/6. Let p(u) be the second derivative of 4*u + 0 - 7/2*u**2 + n*u**3. Give p(5).
3
Let r(b) = -b**3 - 4*b**2 - 2*b - 2. Suppose -4*o + 3 - 13 = -5*l, -11 = 3*l + o. Determine r(l).
-6
Let m(a) be the first derivative of a**4/4 + 5*a**3/3 - a**2 - 3*a + 100. Let d(i) = -i**3 + 5*i**2 + 5*i + 1. Let j be d(6). Calculate m(j).
7
Let p(q) = -2*q - 6. Let g(j) = 2*j + 6. Let k(b) = -5*g(b) - 4*p(b). Determine k(-7).
8
Let l(w) be the second derivative of -w**5/20 - 7*w**4/12 + w**3 - 4*w**2 - 104*w. Give l(-8).
8
Let k(l) = 16*l**2 - 45*l + 2. Suppose -29 + 73 = 4*v. Let c(h) = 3*h**2 - 9*h. Let w(z) = v*c(z) - 2*k(z). Give w(9).
-4
Let s(l) = -3*l**2 - 9*l + 4. Let f(t) = 5*t**2 + 20*t - 9. Let k(i) = 6*f(i) + 13*s(i). What is k(1)?
-8
Let q be (16/6 - -2)*3. Let x(i) = -3 - 12 - i + q. Give x(0).
-1
Let d = -712 - -715. Let a(q) be the first derivative of 1/2*q**2 + q**d + q + 11. What is a(-1)?
3
Let c(m) = -m**2 + 7*m - 4. Let p = 47 + -10. Let a = -31 + p. What is c(a)?
2
Let n(q) = q**2 + 7*q - 6. Let r(s) = 2*s**3 + 13*s**2 + 6*s - 8. Let i be r(-6). Give n(i).
2
Let r(n) = n**3 + 14*n**2 - 31*n + 9. Let v be 4*(-3)/(9/12). What is r(v)?
-7
Let q(d) = -6*d**3 + d**2 - d + 3. Let w(c) = -7*c**3 + 2*c**2 - 2*c + 3. Let k(u) = -4*q(u) + 3*w(u). What is k(-2)?
-15
Let z = -4 - -2. Let r = -55 + 62. Let h(b) = r*b**3 - 3*b - b**2 - 6*b**3 + 3*b**2 - 3. Calculate h(z).
3
Let b(c) = 4*c - 7. Let f(i) = 5*i - 7. Let t(p) = -4*b(p) + 3*f(p). Let g = -4 - -11. What is t(g)?
0
Let c be (30/3)/(5 - (-18)/(-3)). Let j(u) be the second derivative of u**5/20 + 3*u**4/4 - 3*u**3/2 + 2*u**2 + 14*u. Calculate j(c).
-6
Let w(q) = q. Suppose -3*p - 5*h + 21 = -6*p, -17 = 4*p - 3*h. Let x be w(p). Let k(d) be the first derivative of 2*d**3/3 + 3*d**2/2 + 2*d - 1. Give k(x).
4
Let b be -7 + -1 + -2 + (-10)/(-2). Let a(i) = i**3 + 3*i**2 + 5. Calculate a(b).
-45
Let n(f) = -5*f**2 + f. Let b be n(-1). Let z(j) = -2*j**2 - 8*j + 21. Let i(w) = -w**2 - 4*w + 10. Let v(q) = -5*i(q) + 2*z(q). What is v(b)?
4
Let b(r) be the first derivative of -r**6/120 + r